 and 66219?
1
What is the highest common factor of 16980 and 21663084?
3396
What is the highest common factor of 315053682 and 16710?
3342
Calculate the greatest common factor of 11268089 and 1911.
49
Calculate the highest common factor of 350 and 126554470.
70
What is the highest common divisor of 325284 and 4116?
12
What is the greatest common divisor of 1158 and 18945459?
579
Calculate the greatest common factor of 465780 and 195090.
210
What is the greatest common divisor of 16170 and 1536810?
330
Calculate the greatest common divisor of 1660050 and 33950.
350
Calculate the greatest common factor of 418 and 83758897.
19
Calculate the greatest common divisor of 141 and 2377581.
3
What is the highest common factor of 410 and 821510?
10
What is the highest common factor of 1092 and 23172?
12
Calculate the highest common divisor of 146329 and 11567.
43
What is the greatest common divisor of 974045768 and 1783?
1783
Calculate the greatest common divisor of 1440 and 4505679360.
1440
What is the highest common factor of 1345882 and 289062?
106
Calculate the highest common divisor of 42 and 203965797.
21
Calculate the greatest common divisor of 891 and 1253593.
11
Calculate the highest common factor of 11739 and 176618.
13
Calculate the greatest common divisor of 2524175052 and 4956.
4956
Calculate the highest common factor of 13383403 and 51.
17
Calculate the highest common divisor of 62440 and 183085.
35
Calculate the greatest common factor of 688160315 and 15.
5
What is the greatest common factor of 282048000 and 975?
975
Calculate the highest common divisor of 13851 and 2325.
3
Calculate the greatest common divisor of 215847025 and 200.
25
What is the highest common divisor of 21 and 268193849?
7
What is the highest common divisor of 10596 and 71017924?
3532
What is the greatest common factor of 5312 and 115264?
64
What is the greatest common divisor of 91525805 and 3395?
3395
What is the highest common divisor of 51180 and 135?
15
Calculate the greatest common factor of 71375080 and 560.
280
Calculate the greatest common divisor of 286 and 6760952.
22
Calculate the greatest common divisor of 67 and 75587.
1
Calculate the highest common divisor of 1968 and 109644168.
984
What is the greatest common factor of 22378 and 7354680?
334
What is the highest common divisor of 38 and 35759710?
38
Calculate the greatest common divisor of 78432 and 1174846.
1634
Calculate the highest common divisor of 841 and 91802719.
841
What is the highest common divisor of 308753 and 5660?
283
Calculate the greatest common factor of 4355120 and 81928.
4312
What is the greatest common divisor of 69 and 243109218?
69
Calculate the highest common divisor of 472957234 and 38.
38
What is the highest common divisor of 13268518 and 96521?
367
Calculate the highest common divisor of 747 and 112568667.
249
What is the greatest common factor of 36435696 and 3020?
604
What is the highest common divisor of 418 and 48602?
38
Calculate the highest common factor of 2572866 and 7632.
18
Calculate the greatest common factor of 6 and 799122.
6
Calculate the greatest common divisor of 130527636 and 84.
12
Calculate the highest common factor of 95904 and 364302.
666
What is the highest common divisor of 16278 and 365381414?
5426
Calculate the highest common divisor of 187726 and 8745106.
2438
Calculate the highest common divisor of 1863 and 23668173.
621
What is the highest common divisor of 60416 and 48895424?
3776
What is the greatest common factor of 2009 and 8300327?
287
What is the greatest common factor of 4719104 and 285376?
832
What is the greatest common factor of 182006552 and 32?
8
Calculate the greatest common divisor of 96950574 and 756.
378
Calculate the greatest common divisor of 4508 and 11087426.
2254
Calculate the greatest common divisor of 10877232 and 1968.
48
What is the highest common factor of 120323424 and 26?
26
What is the greatest common divisor of 567310 and 170?
10
Calculate the highest common factor of 3920 and 44187220.
980
Calculate the highest common factor of 357 and 39425379.
21
What is the highest common divisor of 4369400 and 917000?
1400
What is the greatest common factor of 5974664 and 133?
19
Calculate the highest common factor of 12120 and 1907688.
2424
What is the greatest common divisor of 11841 and 606?
3
What is the highest common divisor of 2364569 and 1273513?
1843
Calculate the highest common divisor of 2533935 and 2183525.
2615
What is the highest common factor of 142 and 161286?
2
What is the highest common factor of 23054997 and 574?
287
Calculate the highest common factor of 76035 and 7268535.
2055
Calculate the greatest common divisor of 9565450 and 25990.
1130
Calculate the highest common divisor of 384384159 and 1206.
603
Calculate the highest common factor of 200768 and 2172.
4
Calculate the greatest common divisor of 678 and 39750123.
339
Calculate the greatest common factor of 1829342 and 788.
394
What is the highest common factor of 1347080 and 383180?
2380
Calculate the greatest common divisor of 7889 and 99965978.
343
Calculate the highest common divisor of 620948 and 390398.
3074
Calculate the highest common factor of 196 and 10699346.
98
What is the highest common divisor of 3774006 and 716734?
2974
Calculate the highest common divisor of 100714884 and 828.
276
Calculate the greatest common factor of 2676736 and 291461.
1307
What is the greatest common divisor of 815302708 and 44?
44
What is the highest common factor of 15120 and 3526320?
1680
What is the greatest common factor of 4477592 and 14504?
2072
What is the greatest common factor of 2991765 and 21630?
105
What is the highest common divisor of 136323267 and 747?
249
What is the greatest common factor of 14726788 and 88?
4
Calculate the highest common divisor of 691096 and 72240.
2408
Calculate the greatest common divisor of 2108 and 11890608.
124
What is the highest common factor of 819 and 23387364?
819
Calculate the highest common divisor of 3741 and 1859567.
29
Calculate the highest common factor of 43573959 and 33.
33
Calculate the greatest common divisor of 10 and 419066.
2
Calculate the highest common divisor of 8829 and 337028.
109
What is the greatest common factor of 48279 and 1192345?
1463
What is the highest common factor of 26917054 and 86?
86
Calculate the greatest common divisor of 865694 and 88.
2
Calculate the highest common divisor of 37071161 and 417.
139
What is the greatest common factor of 2314 and 170039662?
2314
What is the highest common divisor of 14 and 4015361?
7
What is the highest common divisor of 63220 and 27695?
145
What is the highest common divisor of 120574 and 12312?
38
Calculate the highest common factor of 2886 and 4341802.
74
Calculate the highest common divisor of 4186 and 521990014.
4186
Calculate the highest common divisor of 4008 and 2489469.
501
What is the highest common divisor of 1377 and 79067?
17
What is the greatest common divisor of 1955 and 128010?
85
Calculate the highest common factor of 18508767 and 8280.
69
What is the greatest common factor of 550312 and 154696?
2536
Calculate the highest common divisor of 104331340 and 80.
20
What is the greatest common divisor of 4728622 and 66229?
643
What is the greatest common factor of 68173832 and 545?
109
Calculate the greatest common divisor of 1680 and 6283440.
240
What is the greatest common divisor of 264 and 960334056?
264
Calculate the greatest common divisor of 34635592 and 8.
8
Calculate the highest common factor of 79755 and 2002065.
195
Calculate the highest common divisor of 13191921 and 25437.
183
Calculate the greatest common factor of 29 and 2218471.
29
What is the greatest common factor of 5504917 and 1?
1
What is the greatest common divisor of 7479541 and 17?
17
What is the highest common factor of 62384 and 59808?
112
What is the greatest common factor of 243382 and 12118?
146
Calculate the highest common factor of 40959 and 21607371.
999
Calculate the greatest common factor of 1732 and 27556.
4
Calculate the greatest common divisor of 18760598 and 2152.
538
What is the highest common divisor of 2796415 and 11356?
2839
What is the highest common factor of 174 and 11072983?
29
What is the highest common divisor of 963 and 78750?
9
What is the greate